{"id":2002,"date":"2023-08-28T12:22:48","date_gmt":"2023-08-28T11:22:48","guid":{"rendered":"https:\/\/www.iumkit.net\/portail\/?page_id=2002"},"modified":"2024-10-15T18:40:02","modified_gmt":"2024-10-15T17:40:02","slug":"agent-softsium-update","status":"publish","type":"page","link":"https:\/\/www.iumkit.net\/portail\/agent-softsium-update\/","title":{"rendered":"Agent Softs&rsquo;ium Update"},"content":{"rendered":"<h4><strong>Changelog<\/strong><\/h4>\n<p><strong>v5.6.0.5 :<\/strong><\/p>\n<ul>\n<li>Si l&rsquo;utilisateur a install\u00e9 Notepad++ 64-bits, Softs&rsquo;ium Update le mettre \u00e0 jour (sans passer par l&rsquo;onglet Apps\/Chocolatey\/Winget)<br \/>\n<strong>&gt;&gt; <\/strong><span style=\"color: #0000ff;\">Softs&rsquo;ium Update ne s&rsquo;occupera pas de la transition de la version N++ 32-bits vers la version 64-bits.<\/span><\/li>\n<\/ul>\n<p><strong>v5.6.0.0 :<\/strong><\/p>\n<ul>\n<li>Possibilit\u00e9 d&rsquo;ajouter des paquets personnalis\u00e9s (fichier .dat, voir la documentation sur iumkit.net).<\/li>\n<li>Ajout d&rsquo;une barre de recherche dans Softs&rsquo;ium +.<\/li>\n<li>Diverses am\u00e9liorations et corrections de bogues.<\/li>\n<\/ul>\n<p><strong>v5.5.0.0 :<\/strong><\/p>\n<ul>\n<li>Possibilit\u00e9 d&rsquo;ex\u00e9cuter des <strong>mises \u00e0 jour automatique<\/strong> du Pack Softs&rsquo;ium en arri\u00e8re plan (t\u00e2che planifi\u00e9e).<\/li>\n<li>Softs&rsquo;ium + (paquets optionnels) : Ajout de Chocolatey GUI (Store), MS Store, MS Widgets, MS PowerToys, 7-Zip, Naps2, VLC, LibreOffice, qBittorrent, Paint.NET, Firefox, Opera.<\/li>\n<li>Les applications ouvertes seront ignor\u00e9es lors des mises \u00e0 jour. Dans les versions ant\u00e9rieurs de l&rsquo;agent Softs&rsquo;ium Update, elles \u00e9taient ferm\u00e9es de force.<\/li>\n<li>Diverses am\u00e9liorations et corrections de bogues.<\/li>\n<\/ul>\n<p><strong>v5.2.2.1 :<\/strong><\/p>\n<ul>\n<li>Softs&rsquo;Ium Update a la possibilit\u00e9 de mettre \u00e0 jour les &lsquo;Tweaks DIK&rsquo;.<\/li>\n<\/ul>\n<p><strong>v5.2.2.0 :<\/strong><\/p>\n<ul>\n<li>Softs&rsquo;Ium+ : Am\u00e9lioration de l&rsquo;ergonomie (pop-up d&rsquo;information).<\/li>\n<li><span id=\"p11\"><span id=\"15\">Apps<\/span> PC (ChocoUpdate\/Winget) :<\/span><span id=\"p12\"> <span id=\"16\" class=\"s-rg\">Si<\/span> Agent <span id=\"17\" class=\"s-rg\">Ransack<\/span> est pr\u00e9sent et qu&rsquo;une mise \u00e0 jour de celui-ci s&rsquo;installe, explorer.<\/span><span id=\"p13\"><span id=\"18\" class=\"s-rg\">exe<\/span> se quitte et ne se relance plus automatiquement.<\/span><span id=\"p14\"> <span id=\"19\">Softs&rsquo;Ium<\/span> <span id=\"20\">Update<\/span> outrepasse ce probl\u00e8me en le relan\u00e7ant \u00e0 la fin des op\u00e9rations.<\/span><\/li>\n<li>Diverses am\u00e9liorations et corrections de bogues.<\/li>\n<\/ul>\n<p><strong>v5.2.1.2 :<\/strong><\/p>\n<ul>\n<li>Prise en charge des mises \u00e0 jour de MSEdgeRedirect <em>(si install\u00e9 sur C:\\Program Files\\MSEdgeRedirect).<\/em><\/li>\n<\/ul>\n<p><strong>v5.2.1.1 :<br \/>\n<\/strong><\/p>\n<ul>\n<li>Ajout d&rsquo;un texte \u00ab\u00a0Recherche de mises \u00e0 jour. Veuillez patienter&#8230;\u00a0\u00bb lors du chargement des mises \u00e0 jour disponibles des paquets Chocolatey ou Winget.<\/li>\n<li>Lien vers Changelog \u00ab\u00a0Agent Softs&rsquo;Ium Update\u00a0\u00bb (cette page).<\/li>\n<li>Diverses am\u00e9liorations et corrections de bogues.<\/li>\n<\/ul>\n<p><strong>v5.2 :<br \/>\n<\/strong><\/p>\n<ul>\n<li>Ajout d&rsquo;un nouvel onglet <strong>Softs&rsquo;Ium +<\/strong>, permet d&rsquo;installer des paquets facultatifs.<\/li>\n<li>Diverses am\u00e9liorations.<\/li>\n<\/ul>\n<p><strong>v5.0 :<br \/>\n<\/strong><\/p>\n<ul>\n<li>Pack Softs&rsquo;Ium : T\u00e9l\u00e9chargement direct depuis les serveurs des \u00e9diteurs (ou miroirs).<\/li>\n<li>Pack Softs&rsquo;Ium : Possibilit\u00e9 de mises \u00e0 jour ind\u00e9pendantes.<\/li>\n<li>Pack Softs&rsquo;Ium : Possibilit\u00e9 de r\u00e9-installer le Pack Softs&rsquo;Ium et reparam\u00e9trer les apps du pack.<\/li>\n<li>Apps PC (nouveau) : Possibilit\u00e9 d&rsquo;utiliser Chocolatey et\/ou Winget pour les apps de votre PC.<\/li>\n<\/ul>\n","protected":false},"excerpt":{"rendered":"<p>Changelog v5.6.0.5 : Si l&rsquo;utilisateur a install\u00e9 Notepad++ 64-bits, Softs&rsquo;ium Update le mettre \u00e0 jour (sans passer par l&rsquo;onglet Apps\/Chocolatey\/Winget) &gt;&gt; Softs&rsquo;ium Update ne s&rsquo;occupera pas de la transition de la version N++ 32-bits vers la version 64-bits. v5.6.0.0 : Possibilit\u00e9 d&rsquo;ajouter des paquets personnalis\u00e9s (fichier .dat, voir la documentation [&hellip;]<\/p>\n","protected":false},"author":1,"featured_media":0,"parent":0,"menu_order":0,"comment_status":"closed","ping_status":"closed","template":"","meta":{"ngg_post_thumbnail":0,"footnotes":""},"class_list":["post-2002","page","type-page","status-publish","hentry"],"yoast_head":"<!-- This site is optimized with the Yoast SEO plugin v26.7 - https:\/\/yoast.com\/wordpress\/plugins\/seo\/ -->\n<title>Agent Softs&#039;ium Update &#8226; IumKit.net<\/title>\n<meta name=\"robots\" content=\"index, follow, max-snippet:-1, max-image-preview:large, max-video-preview:-1\" \/>\n<link rel=\"canonical\" href=\"https:\/\/www.iumkit.net\/portail\/agent-softsium-update\/\" \/>\n<meta property=\"og:locale\" content=\"fr_FR\" \/>\n<meta property=\"og:type\" content=\"article\" \/>\n<meta property=\"og:title\" content=\"Agent Softs&#039;ium Update &#8226; IumKit.net\" \/>\n<meta property=\"og:description\" content=\"Changelog v5.6.0.5 : Si l&rsquo;utilisateur a install\u00e9 Notepad++ 64-bits, Softs&rsquo;ium Update le mettre \u00e0 jour (sans passer par l&rsquo;onglet Apps\/Chocolatey\/Winget) &gt;&gt; Softs&rsquo;ium Update ne s&rsquo;occupera pas de la transition de la version N++ 32-bits vers la version 64-bits. v5.6.0.0 : Possibilit\u00e9 d&rsquo;ajouter des paquets personnalis\u00e9s (fichier .dat, voir la documentation [&hellip;]\" \/>\n<meta property=\"og:url\" content=\"https:\/\/www.iumkit.net\/portail\/agent-softsium-update\/\" \/>\n<meta property=\"og:site_name\" content=\"IumKit.net\" \/>\n<meta property=\"article:modified_time\" content=\"2024-10-15T17:40:02+00:00\" \/>\n<meta name=\"twitter:card\" content=\"summary_large_image\" \/>\n<meta name=\"twitter:label1\" content=\"Dur\u00e9e de lecture estim\u00e9e\" \/>\n\t<meta name=\"twitter:data1\" content=\"2 minutes\" \/>\n<script type=\"application\/ld+json\" class=\"yoast-schema-graph\">{\"@context\":\"https:\/\/schema.org\",\"@graph\":[{\"@type\":\"WebPage\",\"@id\":\"https:\/\/www.iumkit.net\/portail\/agent-softsium-update\/\",\"url\":\"https:\/\/www.iumkit.net\/portail\/agent-softsium-update\/\",\"name\":\"Agent Softs'ium Update &#8226; IumKit.net\",\"isPartOf\":{\"@id\":\"https:\/\/www.iumkit.net\/portail\/#website\"},\"datePublished\":\"2023-08-28T11:22:48+00:00\",\"dateModified\":\"2024-10-15T17:40:02+00:00\",\"breadcrumb\":{\"@id\":\"https:\/\/www.iumkit.net\/portail\/agent-softsium-update\/#breadcrumb\"},\"inLanguage\":\"fr-FR\",\"potentialAction\":[{\"@type\":\"ReadAction\",\"target\":[\"https:\/\/www.iumkit.net\/portail\/agent-softsium-update\/\"]}]},{\"@type\":\"BreadcrumbList\",\"@id\":\"https:\/\/www.iumkit.net\/portail\/agent-softsium-update\/#breadcrumb\",\"itemListElement\":[{\"@type\":\"ListItem\",\"position\":1,\"name\":\"Accueil\",\"item\":\"https:\/\/www.iumkit.net\/portail\/\"},{\"@type\":\"ListItem\",\"position\":2,\"name\":\"Agent Softs&rsquo;ium Update\"}]},{\"@type\":\"WebSite\",\"@id\":\"https:\/\/www.iumkit.net\/portail\/#website\",\"url\":\"https:\/\/www.iumkit.net\/portail\/\",\"name\":\"IumKit.net\",\"description\":\"Simplifiez-vous Windows\",\"publisher\":{\"@id\":\"https:\/\/www.iumkit.net\/portail\/#organization\"},\"potentialAction\":[{\"@type\":\"SearchAction\",\"target\":{\"@type\":\"EntryPoint\",\"urlTemplate\":\"https:\/\/www.iumkit.net\/portail\/?s={search_term_string}\"},\"query-input\":{\"@type\":\"PropertyValueSpecification\",\"valueRequired\":true,\"valueName\":\"search_term_string\"}}],\"inLanguage\":\"fr-FR\"},{\"@type\":\"Organization\",\"@id\":\"https:\/\/www.iumkit.net\/portail\/#organization\",\"name\":\"iumKit\",\"url\":\"https:\/\/www.iumkit.net\/portail\/\",\"logo\":{\"@type\":\"ImageObject\",\"inLanguage\":\"fr-FR\",\"@id\":\"https:\/\/www.iumkit.net\/portail\/#\/schema\/logo\/image\/\",\"url\":\"https:\/\/www.iumkit.net\/portail\/wp-content\/uploads\/2017\/03\/logo-iumkit-1.png\",\"contentUrl\":\"https:\/\/www.iumkit.net\/portail\/wp-content\/uploads\/2017\/03\/logo-iumkit-1.png\",\"width\":287,\"height\":83,\"caption\":\"iumKit\"},\"image\":{\"@id\":\"https:\/\/www.iumkit.net\/portail\/#\/schema\/logo\/image\/\"},\"sameAs\":[\"https:\/\/www.youtube.com\/user\/iumkitwindows\"]}]}<\/script>\n<!-- \/ Yoast SEO plugin. -->","yoast_head_json":{"title":"Agent Softs'ium Update &#8226; IumKit.net","robots":{"index":"index","follow":"follow","max-snippet":"max-snippet:-1","max-image-preview":"max-image-preview:large","max-video-preview":"max-video-preview:-1"},"canonical":"https:\/\/www.iumkit.net\/portail\/agent-softsium-update\/","og_locale":"fr_FR","og_type":"article","og_title":"Agent Softs'ium Update &#8226; IumKit.net","og_description":"Changelog v5.6.0.5 : Si l&rsquo;utilisateur a install\u00e9 Notepad++ 64-bits, Softs&rsquo;ium Update le mettre \u00e0 jour (sans passer par l&rsquo;onglet Apps\/Chocolatey\/Winget) &gt;&gt; Softs&rsquo;ium Update ne s&rsquo;occupera pas de la transition de la version N++ 32-bits vers la version 64-bits. v5.6.0.0 : Possibilit\u00e9 d&rsquo;ajouter des paquets personnalis\u00e9s (fichier .dat, voir la documentation [&hellip;]","og_url":"https:\/\/www.iumkit.net\/portail\/agent-softsium-update\/","og_site_name":"IumKit.net","article_modified_time":"2024-10-15T17:40:02+00:00","twitter_card":"summary_large_image","twitter_misc":{"Dur\u00e9e de lecture estim\u00e9e":"2 minutes"},"schema":{"@context":"https:\/\/schema.org","@graph":[{"@type":"WebPage","@id":"https:\/\/www.iumkit.net\/portail\/agent-softsium-update\/","url":"https:\/\/www.iumkit.net\/portail\/agent-softsium-update\/","name":"Agent Softs'ium Update &#8226; IumKit.net","isPartOf":{"@id":"https:\/\/www.iumkit.net\/portail\/#website"},"datePublished":"2023-08-28T11:22:48+00:00","dateModified":"2024-10-15T17:40:02+00:00","breadcrumb":{"@id":"https:\/\/www.iumkit.net\/portail\/agent-softsium-update\/#breadcrumb"},"inLanguage":"fr-FR","potentialAction":[{"@type":"ReadAction","target":["https:\/\/www.iumkit.net\/portail\/agent-softsium-update\/"]}]},{"@type":"BreadcrumbList","@id":"https:\/\/www.iumkit.net\/portail\/agent-softsium-update\/#breadcrumb","itemListElement":[{"@type":"ListItem","position":1,"name":"Accueil","item":"https:\/\/www.iumkit.net\/portail\/"},{"@type":"ListItem","position":2,"name":"Agent Softs&rsquo;ium Update"}]},{"@type":"WebSite","@id":"https:\/\/www.iumkit.net\/portail\/#website","url":"https:\/\/www.iumkit.net\/portail\/","name":"IumKit.net","description":"Simplifiez-vous Windows","publisher":{"@id":"https:\/\/www.iumkit.net\/portail\/#organization"},"potentialAction":[{"@type":"SearchAction","target":{"@type":"EntryPoint","urlTemplate":"https:\/\/www.iumkit.net\/portail\/?s={search_term_string}"},"query-input":{"@type":"PropertyValueSpecification","valueRequired":true,"valueName":"search_term_string"}}],"inLanguage":"fr-FR"},{"@type":"Organization","@id":"https:\/\/www.iumkit.net\/portail\/#organization","name":"iumKit","url":"https:\/\/www.iumkit.net\/portail\/","logo":{"@type":"ImageObject","inLanguage":"fr-FR","@id":"https:\/\/www.iumkit.net\/portail\/#\/schema\/logo\/image\/","url":"https:\/\/www.iumkit.net\/portail\/wp-content\/uploads\/2017\/03\/logo-iumkit-1.png","contentUrl":"https:\/\/www.iumkit.net\/portail\/wp-content\/uploads\/2017\/03\/logo-iumkit-1.png","width":287,"height":83,"caption":"iumKit"},"image":{"@id":"https:\/\/www.iumkit.net\/portail\/#\/schema\/logo\/image\/"},"sameAs":["https:\/\/www.youtube.com\/user\/iumkitwindows"]}]}},"_links":{"self":[{"href":"https:\/\/www.iumkit.net\/portail\/wp-json\/wp\/v2\/pages\/2002","targetHints":{"allow":["GET"]}}],"collection":[{"href":"https:\/\/www.iumkit.net\/portail\/wp-json\/wp\/v2\/pages"}],"about":[{"href":"https:\/\/www.iumkit.net\/portail\/wp-json\/wp\/v2\/types\/page"}],"author":[{"embeddable":true,"href":"https:\/\/www.iumkit.net\/portail\/wp-json\/wp\/v2\/users\/1"}],"replies":[{"embeddable":true,"href":"https:\/\/www.iumkit.net\/portail\/wp-json\/wp\/v2\/comments?post=2002"}],"version-history":[{"count":26,"href":"https:\/\/www.iumkit.net\/portail\/wp-json\/wp\/v2\/pages\/2002\/revisions"}],"predecessor-version":[{"id":2120,"href":"https:\/\/www.iumkit.net\/portail\/wp-json\/wp\/v2\/pages\/2002\/revisions\/2120"}],"wp:attachment":[{"href":"https:\/\/www.iumkit.net\/portail\/wp-json\/wp\/v2\/media?parent=2002"}],"curies":[{"name":"wp","href":"https:\/\/api.w.org\/{rel}","templated":true}]}}