{"id":614,"date":"2012-08-23T22:09:03","date_gmt":"2012-08-23T20:09:03","guid":{"rendered":"http:\/\/www.iumkit.net\/portail\/?page_id=614"},"modified":"2022-12-14T17:44:21","modified_gmt":"2022-12-14T16:44:21","slug":"windows-ium-tweaker","status":"publish","type":"page","link":"https:\/\/www.iumkit.net\/portail\/windows-ium-tweaker\/","title":{"rendered":"Windows Ium Tweaker"},"content":{"rendered":"<p><strong>WIT<\/strong> (Windows Ium Tweaker), enti\u00e8rement gratuit est fournit dans le Setup \u00ab\u00a0Deployment Ium Kit\u00a0\u00bb, vous donne acc\u00e8s \u00e0 des r\u00e9glages vous permettant de changer plusieurs param\u00e8tres de Windows 10 et 11.<\/p>\n<p style=\"text-align: center;\"><a href=\"https:\/\/www.iumkit.net\/portail\/wp-content\/uploads\/2022\/12\/WIT2.0.gif\"><img loading=\"lazy\" decoding=\"async\" src=\"https:\/\/www.iumkit.net\/portail\/wp-content\/uploads\/2022\/12\/WIT2.0.gif\" alt=\"\" class=\"aligncenter wp-image-1926 size-full\" width=\"800\" height=\"586\"><\/a><br \/>\nCet utilitaire complet et simple d&rsquo;utilisation est fournit dans le Setup de Deployment Ium Kit.<br \/>\nIl est dot\u00e9 d&rsquo;une interface intuitive, compos\u00e9e de plusieurs onglets pour chaque cat\u00e9gories.<br \/>\nCes derniers sont eux-m\u00eames divis\u00e9s en sous-cat\u00e9gories, pour plus de clart\u00e9.<\/p>\n<p><strong>Windows Ium Tweaker<\/strong> permet beaucoup de param\u00e9trages avanc\u00e9s, tels que :<\/p>\n<p style=\"text-align: center;\">&#8211; R\u00e9tablir <strong>par d\u00e9faut<\/strong> le menu contextuel classique de Windows 10 sous Windows 11,<br \/>\n&#8211; D\u00e9sactiver les services Bing dans la barre des t\u00e2ches, menu d\u00e9marrer,<br \/>\n&#8211; Les services,<br \/>\n&#8211; De d\u00e9sactiver Microsoft Edge, OneDrive,<br \/>\n&#8211; Param\u00e9trer les DNS, Cloudflare, S\u00e9curit\u00e9 et Famille,<\/p>\n<p>Exemple : recherche Bing d\u00e9sactiv\u00e9e :<\/p>\n<p><a href=\"https:\/\/www.iumkit.net\/portail\/wp-content\/uploads\/2022\/12\/StartMenu.gif\"><img loading=\"lazy\" decoding=\"async\" src=\"https:\/\/www.iumkit.net\/portail\/wp-content\/uploads\/2022\/12\/StartMenu.gif\" alt=\"\" class=\"aligncenter wp-image-1927 size-full\" width=\"800\" height=\"600\"><\/a><\/p>\n<p>Et bien d&rsquo;autres encore&#8230;<\/p>\n<p><a href=\"https:\/\/www.iumkit.net\/portail\/wp-content\/uploads\/2022\/12\/WIT2.0.gif\"><\/a><\/p>\n<ul>\n<li><strong>Compatible<\/strong> Windows 10, Windows 11 (64-bits)<\/li>\n<li>Disponible dans le Setup \u00ab\u00a0<a href=\"https:\/\/www.iumkit.net\/portail\/deployment-ium-kit\/telechargement-ium\/telecharger-deployment-ium-kit\/\">Deployment Ium Kit\u00a0\u00bb<\/a> (option \u00ab\u00a0Utilitaires portables + WITweaker\u00a0\u00bb)<\/li>\n<\/ul>\n<p>&nbsp;<\/p>\n","protected":false},"excerpt":{"rendered":"<p>WIT (Windows Ium Tweaker), enti\u00e8rement gratuit est fournit dans le Setup \u00ab\u00a0Deployment Ium Kit\u00a0\u00bb, vous donne acc\u00e8s \u00e0 des r\u00e9glages vous permettant de changer plusieurs param\u00e8tres de Windows 10 et 11. Cet utilitaire complet et simple d&rsquo;utilisation est fournit dans le Setup de Deployment Ium Kit. Il est dot\u00e9 d&rsquo;une [&hellip;]<\/p>\n","protected":false},"author":1,"featured_media":0,"parent":0,"menu_order":9,"comment_status":"closed","ping_status":"closed","template":"","meta":{"ngg_post_thumbnail":0,"footnotes":""},"class_list":["post-614","page","type-page","status-publish","hentry"],"yoast_head":"<!-- This site is optimized with the Yoast SEO plugin v26.7 - https:\/\/yoast.com\/wordpress\/plugins\/seo\/ -->\n<title>Windows Ium Tweaker &#8226; IumKit.net<\/title>\n<meta name=\"description\" content=\"Avec Windows Ium Tweaker vous avez acc\u00e8s \u00e0 des r\u00e9glages vous permettant de changer plusieurs param\u00e8tres cach\u00e9s de Windows 7, 8 et Windows 10.\" \/>\n<meta name=\"robots\" content=\"index, follow, max-snippet:-1, max-image-preview:large, max-video-preview:-1\" \/>\n<link rel=\"canonical\" href=\"https:\/\/www.iumkit.net\/portail\/windows-ium-tweaker\/\" \/>\n<meta property=\"og:locale\" content=\"fr_FR\" \/>\n<meta property=\"og:type\" content=\"article\" \/>\n<meta property=\"og:title\" content=\"Windows Ium Tweaker &#8226; IumKit.net\" \/>\n<meta property=\"og:description\" content=\"Avec Windows Ium Tweaker vous avez acc\u00e8s \u00e0 des r\u00e9glages vous permettant de changer plusieurs param\u00e8tres cach\u00e9s de Windows 7, 8 et Windows 10.\" \/>\n<meta property=\"og:url\" content=\"https:\/\/www.iumkit.net\/portail\/windows-ium-tweaker\/\" \/>\n<meta property=\"og:site_name\" content=\"IumKit.net\" \/>\n<meta property=\"article:modified_time\" content=\"2022-12-14T16:44:21+00:00\" \/>\n<meta property=\"og:image\" content=\"https:\/\/www.iumkit.net\/portail\/wp-content\/uploads\/2022\/12\/WIT2.0.gif\" \/>\n<meta name=\"twitter:card\" content=\"summary_large_image\" \/>\n<meta name=\"twitter:label1\" content=\"Dur\u00e9e de lecture estim\u00e9e\" \/>\n\t<meta name=\"twitter:data1\" content=\"2 minutes\" \/>\n<script type=\"application\/ld+json\" class=\"yoast-schema-graph\">{\"@context\":\"https:\/\/schema.org\",\"@graph\":[{\"@type\":\"WebPage\",\"@id\":\"https:\/\/www.iumkit.net\/portail\/windows-ium-tweaker\/\",\"url\":\"https:\/\/www.iumkit.net\/portail\/windows-ium-tweaker\/\",\"name\":\"Windows Ium Tweaker &#8226; IumKit.net\",\"isPartOf\":{\"@id\":\"https:\/\/www.iumkit.net\/portail\/#website\"},\"primaryImageOfPage\":{\"@id\":\"https:\/\/www.iumkit.net\/portail\/windows-ium-tweaker\/#primaryimage\"},\"image\":{\"@id\":\"https:\/\/www.iumkit.net\/portail\/windows-ium-tweaker\/#primaryimage\"},\"thumbnailUrl\":\"https:\/\/www.iumkit.net\/portail\/wp-content\/uploads\/2022\/12\/WIT2.0.gif\",\"datePublished\":\"2012-08-23T20:09:03+00:00\",\"dateModified\":\"2022-12-14T16:44:21+00:00\",\"description\":\"Avec Windows Ium Tweaker vous avez acc\u00e8s \u00e0 des r\u00e9glages vous permettant de changer plusieurs param\u00e8tres cach\u00e9s de Windows 7, 8 et Windows 10.\",\"breadcrumb\":{\"@id\":\"https:\/\/www.iumkit.net\/portail\/windows-ium-tweaker\/#breadcrumb\"},\"inLanguage\":\"fr-FR\",\"potentialAction\":[{\"@type\":\"ReadAction\",\"target\":[\"https:\/\/www.iumkit.net\/portail\/windows-ium-tweaker\/\"]}]},{\"@type\":\"ImageObject\",\"inLanguage\":\"fr-FR\",\"@id\":\"https:\/\/www.iumkit.net\/portail\/windows-ium-tweaker\/#primaryimage\",\"url\":\"https:\/\/www.iumkit.net\/portail\/wp-content\/uploads\/2022\/12\/WIT2.0.gif\",\"contentUrl\":\"https:\/\/www.iumkit.net\/portail\/wp-content\/uploads\/2022\/12\/WIT2.0.gif\",\"width\":800,\"height\":586},{\"@type\":\"BreadcrumbList\",\"@id\":\"https:\/\/www.iumkit.net\/portail\/windows-ium-tweaker\/#breadcrumb\",\"itemListElement\":[{\"@type\":\"ListItem\",\"position\":1,\"name\":\"Accueil\",\"item\":\"https:\/\/www.iumkit.net\/portail\/\"},{\"@type\":\"ListItem\",\"position\":2,\"name\":\"Windows Ium Tweaker\"}]},{\"@type\":\"WebSite\",\"@id\":\"https:\/\/www.iumkit.net\/portail\/#website\",\"url\":\"https:\/\/www.iumkit.net\/portail\/\",\"name\":\"IumKit.net\",\"description\":\"Simplifiez-vous Windows\",\"publisher\":{\"@id\":\"https:\/\/www.iumkit.net\/portail\/#organization\"},\"potentialAction\":[{\"@type\":\"SearchAction\",\"target\":{\"@type\":\"EntryPoint\",\"urlTemplate\":\"https:\/\/www.iumkit.net\/portail\/?s={search_term_string}\"},\"query-input\":{\"@type\":\"PropertyValueSpecification\",\"valueRequired\":true,\"valueName\":\"search_term_string\"}}],\"inLanguage\":\"fr-FR\"},{\"@type\":\"Organization\",\"@id\":\"https:\/\/www.iumkit.net\/portail\/#organization\",\"name\":\"iumKit\",\"url\":\"https:\/\/www.iumkit.net\/portail\/\",\"logo\":{\"@type\":\"ImageObject\",\"inLanguage\":\"fr-FR\",\"@id\":\"https:\/\/www.iumkit.net\/portail\/#\/schema\/logo\/image\/\",\"url\":\"https:\/\/www.iumkit.net\/portail\/wp-content\/uploads\/2017\/03\/logo-iumkit-1.png\",\"contentUrl\":\"https:\/\/www.iumkit.net\/portail\/wp-content\/uploads\/2017\/03\/logo-iumkit-1.png\",\"width\":287,\"height\":83,\"caption\":\"iumKit\"},\"image\":{\"@id\":\"https:\/\/www.iumkit.net\/portail\/#\/schema\/logo\/image\/\"},\"sameAs\":[\"https:\/\/www.youtube.com\/user\/iumkitwindows\"]}]}<\/script>\n<!-- \/ Yoast SEO plugin. -->","yoast_head_json":{"title":"Windows Ium Tweaker &#8226; IumKit.net","description":"Avec Windows Ium Tweaker vous avez acc\u00e8s \u00e0 des r\u00e9glages vous permettant de changer plusieurs param\u00e8tres cach\u00e9s de Windows 7, 8 et Windows 10.","robots":{"index":"index","follow":"follow","max-snippet":"max-snippet:-1","max-image-preview":"max-image-preview:large","max-video-preview":"max-video-preview:-1"},"canonical":"https:\/\/www.iumkit.net\/portail\/windows-ium-tweaker\/","og_locale":"fr_FR","og_type":"article","og_title":"Windows Ium Tweaker &#8226; IumKit.net","og_description":"Avec Windows Ium Tweaker vous avez acc\u00e8s \u00e0 des r\u00e9glages vous permettant de changer plusieurs param\u00e8tres cach\u00e9s de Windows 7, 8 et Windows 10.","og_url":"https:\/\/www.iumkit.net\/portail\/windows-ium-tweaker\/","og_site_name":"IumKit.net","article_modified_time":"2022-12-14T16:44:21+00:00","og_image":[{"url":"https:\/\/www.iumkit.net\/portail\/wp-content\/uploads\/2022\/12\/WIT2.0.gif","type":"","width":"","height":""}],"twitter_card":"summary_large_image","twitter_misc":{"Dur\u00e9e de lecture estim\u00e9e":"2 minutes"},"schema":{"@context":"https:\/\/schema.org","@graph":[{"@type":"WebPage","@id":"https:\/\/www.iumkit.net\/portail\/windows-ium-tweaker\/","url":"https:\/\/www.iumkit.net\/portail\/windows-ium-tweaker\/","name":"Windows Ium Tweaker &#8226; IumKit.net","isPartOf":{"@id":"https:\/\/www.iumkit.net\/portail\/#website"},"primaryImageOfPage":{"@id":"https:\/\/www.iumkit.net\/portail\/windows-ium-tweaker\/#primaryimage"},"image":{"@id":"https:\/\/www.iumkit.net\/portail\/windows-ium-tweaker\/#primaryimage"},"thumbnailUrl":"https:\/\/www.iumkit.net\/portail\/wp-content\/uploads\/2022\/12\/WIT2.0.gif","datePublished":"2012-08-23T20:09:03+00:00","dateModified":"2022-12-14T16:44:21+00:00","description":"Avec Windows Ium Tweaker vous avez acc\u00e8s \u00e0 des r\u00e9glages vous permettant de changer plusieurs param\u00e8tres cach\u00e9s de Windows 7, 8 et Windows 10.","breadcrumb":{"@id":"https:\/\/www.iumkit.net\/portail\/windows-ium-tweaker\/#breadcrumb"},"inLanguage":"fr-FR","potentialAction":[{"@type":"ReadAction","target":["https:\/\/www.iumkit.net\/portail\/windows-ium-tweaker\/"]}]},{"@type":"ImageObject","inLanguage":"fr-FR","@id":"https:\/\/www.iumkit.net\/portail\/windows-ium-tweaker\/#primaryimage","url":"https:\/\/www.iumkit.net\/portail\/wp-content\/uploads\/2022\/12\/WIT2.0.gif","contentUrl":"https:\/\/www.iumkit.net\/portail\/wp-content\/uploads\/2022\/12\/WIT2.0.gif","width":800,"height":586},{"@type":"BreadcrumbList","@id":"https:\/\/www.iumkit.net\/portail\/windows-ium-tweaker\/#breadcrumb","itemListElement":[{"@type":"ListItem","position":1,"name":"Accueil","item":"https:\/\/www.iumkit.net\/portail\/"},{"@type":"ListItem","position":2,"name":"Windows Ium Tweaker"}]},{"@type":"WebSite","@id":"https:\/\/www.iumkit.net\/portail\/#website","url":"https:\/\/www.iumkit.net\/portail\/","name":"IumKit.net","description":"Simplifiez-vous Windows","publisher":{"@id":"https:\/\/www.iumkit.net\/portail\/#organization"},"potentialAction":[{"@type":"SearchAction","target":{"@type":"EntryPoint","urlTemplate":"https:\/\/www.iumkit.net\/portail\/?s={search_term_string}"},"query-input":{"@type":"PropertyValueSpecification","valueRequired":true,"valueName":"search_term_string"}}],"inLanguage":"fr-FR"},{"@type":"Organization","@id":"https:\/\/www.iumkit.net\/portail\/#organization","name":"iumKit","url":"https:\/\/www.iumkit.net\/portail\/","logo":{"@type":"ImageObject","inLanguage":"fr-FR","@id":"https:\/\/www.iumkit.net\/portail\/#\/schema\/logo\/image\/","url":"https:\/\/www.iumkit.net\/portail\/wp-content\/uploads\/2017\/03\/logo-iumkit-1.png","contentUrl":"https:\/\/www.iumkit.net\/portail\/wp-content\/uploads\/2017\/03\/logo-iumkit-1.png","width":287,"height":83,"caption":"iumKit"},"image":{"@id":"https:\/\/www.iumkit.net\/portail\/#\/schema\/logo\/image\/"},"sameAs":["https:\/\/www.youtube.com\/user\/iumkitwindows"]}]}},"_links":{"self":[{"href":"https:\/\/www.iumkit.net\/portail\/wp-json\/wp\/v2\/pages\/614","targetHints":{"allow":["GET"]}}],"collection":[{"href":"https:\/\/www.iumkit.net\/portail\/wp-json\/wp\/v2\/pages"}],"about":[{"href":"https:\/\/www.iumkit.net\/portail\/wp-json\/wp\/v2\/types\/page"}],"author":[{"embeddable":true,"href":"https:\/\/www.iumkit.net\/portail\/wp-json\/wp\/v2\/users\/1"}],"replies":[{"embeddable":true,"href":"https:\/\/www.iumkit.net\/portail\/wp-json\/wp\/v2\/comments?post=614"}],"version-history":[{"count":11,"href":"https:\/\/www.iumkit.net\/portail\/wp-json\/wp\/v2\/pages\/614\/revisions"}],"predecessor-version":[{"id":1944,"href":"https:\/\/www.iumkit.net\/portail\/wp-json\/wp\/v2\/pages\/614\/revisions\/1944"}],"wp:attachment":[{"href":"https:\/\/www.iumkit.net\/portail\/wp-json\/wp\/v2\/media?parent=614"}],"curies":[{"name":"wp","href":"https:\/\/api.w.org\/{rel}","templated":true}]}}