{"id":67,"date":"2012-05-20T00:07:37","date_gmt":"2012-05-19T23:07:37","guid":{"rendered":"http:\/\/www.iumkit.net\/portail\/?page_id=67"},"modified":"2024-08-14T17:39:19","modified_gmt":"2024-08-14T16:39:19","slug":"telecharger-deployment-ium-kit","status":"publish","type":"page","link":"https:\/\/www.iumkit.net\/portail\/deployment-ium-kit\/telechargement-ium\/telecharger-deployment-ium-kit\/","title":{"rendered":"T\u00e9l\u00e9charger DIK Wizard (Deployment Ium Kit)"},"content":{"rendered":"<p><a href=\"https:\/\/www.iumkit.net\/portail\/deployment-ium-kit\/\">En savoir plus<\/a><\/p>\n<p><strong>Taille du support (setup) <\/strong>~50 MO<\/p>\n<p><strong>Compatible : <\/strong>Syst\u00e8mes d&rsquo;exploitations Windows 10 1809+ (64-bits) et Windows 11 22H2\/23H2\/24H2.<\/p>\n<p><strong>Langues :&nbsp; <\/strong>Fran\u00e7ais, Anglais<\/p>\n<table style=\"border-collapse: collapse; width: 100%;\">\n<tbody>\n<tr>\n<td style=\"width: 50%;\">\n<h3><a href=\"https:\/\/www.iumkit.net\/portail\/wp-content\/uploads\/downloads\/Deployment_IumKit_x64_SFX.exe\">T\u00e9l\u00e9chargement<\/a><\/h3>\n<\/td>\n<td style=\"width: 50%;\">&nbsp;<\/td>\n<\/tr>\n<\/tbody>\n<\/table>\n<p>&nbsp;<br \/>\n<iframe loading=\"lazy\" width=\"560\" height=\"315\" title=\"YouTube video player\" src=\"https:\/\/www.youtube.com\/embed\/4R6gUkhLl54\" allowfullscreen=\"allowfullscreen\" frameborder=\"0\"><\/iframe><\/p>\n<p><a href=\"http:\/\/www.iumkit.net\/updates\/Kit\/dik_changelog.html\">Historique depuis la version 4.0<\/a><\/p>\n<p>&nbsp;<\/p>\n","protected":false},"excerpt":{"rendered":"<p>En savoir plus Taille du support (setup) ~50 MO Compatible : Syst\u00e8mes d&rsquo;exploitations Windows 10 1809+ (64-bits) et Windows 11 22H2\/23H2\/24H2. Langues :&nbsp; Fran\u00e7ais, Anglais T\u00e9l\u00e9chargement &nbsp; &nbsp; Historique depuis la version 4.0 &nbsp;<\/p>\n","protected":false},"author":1,"featured_media":0,"parent":2,"menu_order":0,"comment_status":"closed","ping_status":"closed","template":"","meta":{"ngg_post_thumbnail":0,"footnotes":""},"class_list":["post-67","page","type-page","status-publish","hentry"],"yoast_head":"<!-- This site is optimized with the Yoast SEO plugin v26.7 - https:\/\/yoast.com\/wordpress\/plugins\/seo\/ -->\n<title>T\u00e9l\u00e9charger DIK Wizard (Deployment Ium Kit) &#8226; IumKit.net<\/title>\n<meta name=\"description\" content=\"T\u00e9l\u00e9charger Deployment Ium Kit\" \/>\n<meta name=\"robots\" content=\"index, follow, max-snippet:-1, max-image-preview:large, max-video-preview:-1\" \/>\n<link rel=\"canonical\" href=\"https:\/\/www.iumkit.net\/portail\/deployment-ium-kit\/telechargement-ium\/telecharger-deployment-ium-kit\/\" \/>\n<meta property=\"og:locale\" content=\"fr_FR\" \/>\n<meta property=\"og:type\" content=\"article\" \/>\n<meta property=\"og:title\" content=\"T\u00e9l\u00e9charger DIK Wizard (Deployment Ium Kit) &#8226; IumKit.net\" \/>\n<meta property=\"og:description\" content=\"T\u00e9l\u00e9charger Deployment Ium Kit\" \/>\n<meta property=\"og:url\" content=\"https:\/\/www.iumkit.net\/portail\/deployment-ium-kit\/telechargement-ium\/telecharger-deployment-ium-kit\/\" \/>\n<meta property=\"og:site_name\" content=\"IumKit.net\" \/>\n<meta property=\"article:modified_time\" content=\"2024-08-14T16:39:19+00:00\" \/>\n<meta name=\"twitter:card\" content=\"summary_large_image\" \/>\n<meta name=\"twitter:label1\" content=\"Dur\u00e9e de lecture estim\u00e9e\" \/>\n\t<meta name=\"twitter:data1\" content=\"1 minute\" \/>\n<script type=\"application\/ld+json\" class=\"yoast-schema-graph\">{\"@context\":\"https:\/\/schema.org\",\"@graph\":[{\"@type\":\"WebPage\",\"@id\":\"https:\/\/www.iumkit.net\/portail\/deployment-ium-kit\/telechargement-ium\/telecharger-deployment-ium-kit\/\",\"url\":\"https:\/\/www.iumkit.net\/portail\/deployment-ium-kit\/telechargement-ium\/telecharger-deployment-ium-kit\/\",\"name\":\"T\u00e9l\u00e9charger DIK Wizard (Deployment Ium Kit) &#8226; IumKit.net\",\"isPartOf\":{\"@id\":\"https:\/\/www.iumkit.net\/portail\/#website\"},\"datePublished\":\"2012-05-19T23:07:37+00:00\",\"dateModified\":\"2024-08-14T16:39:19+00:00\",\"description\":\"T\u00e9l\u00e9charger Deployment Ium Kit\",\"breadcrumb\":{\"@id\":\"https:\/\/www.iumkit.net\/portail\/deployment-ium-kit\/telechargement-ium\/telecharger-deployment-ium-kit\/#breadcrumb\"},\"inLanguage\":\"fr-FR\",\"potentialAction\":[{\"@type\":\"ReadAction\",\"target\":[\"https:\/\/www.iumkit.net\/portail\/deployment-ium-kit\/telechargement-ium\/telecharger-deployment-ium-kit\/\"]}]},{\"@type\":\"BreadcrumbList\",\"@id\":\"https:\/\/www.iumkit.net\/portail\/deployment-ium-kit\/telechargement-ium\/telecharger-deployment-ium-kit\/#breadcrumb\",\"itemListElement\":[{\"@type\":\"ListItem\",\"position\":1,\"name\":\"Accueil\",\"item\":\"https:\/\/www.iumkit.net\/portail\/\"},{\"@type\":\"ListItem\",\"position\":2,\"name\":\"DIK Wizard (Deployment Ium Kit)\",\"item\":\"https:\/\/www.iumkit.net\/portail\/deployment-ium-kit\/\"},{\"@type\":\"ListItem\",\"position\":3,\"name\":\"T\u00e9l\u00e9chargements (DIK Wizard)\",\"item\":\"https:\/\/www.iumkit.net\/portail\/deployment-ium-kit\/telechargement-ium\/\"},{\"@type\":\"ListItem\",\"position\":4,\"name\":\"T\u00e9l\u00e9charger DIK Wizard (Deployment Ium Kit)\"}]},{\"@type\":\"WebSite\",\"@id\":\"https:\/\/www.iumkit.net\/portail\/#website\",\"url\":\"https:\/\/www.iumkit.net\/portail\/\",\"name\":\"IumKit.net\",\"description\":\"Simplifiez-vous Windows\",\"publisher\":{\"@id\":\"https:\/\/www.iumkit.net\/portail\/#organization\"},\"potentialAction\":[{\"@type\":\"SearchAction\",\"target\":{\"@type\":\"EntryPoint\",\"urlTemplate\":\"https:\/\/www.iumkit.net\/portail\/?s={search_term_string}\"},\"query-input\":{\"@type\":\"PropertyValueSpecification\",\"valueRequired\":true,\"valueName\":\"search_term_string\"}}],\"inLanguage\":\"fr-FR\"},{\"@type\":\"Organization\",\"@id\":\"https:\/\/www.iumkit.net\/portail\/#organization\",\"name\":\"iumKit\",\"url\":\"https:\/\/www.iumkit.net\/portail\/\",\"logo\":{\"@type\":\"ImageObject\",\"inLanguage\":\"fr-FR\",\"@id\":\"https:\/\/www.iumkit.net\/portail\/#\/schema\/logo\/image\/\",\"url\":\"https:\/\/www.iumkit.net\/portail\/wp-content\/uploads\/2017\/03\/logo-iumkit-1.png\",\"contentUrl\":\"https:\/\/www.iumkit.net\/portail\/wp-content\/uploads\/2017\/03\/logo-iumkit-1.png\",\"width\":287,\"height\":83,\"caption\":\"iumKit\"},\"image\":{\"@id\":\"https:\/\/www.iumkit.net\/portail\/#\/schema\/logo\/image\/\"},\"sameAs\":[\"https:\/\/www.youtube.com\/user\/iumkitwindows\"]}]}<\/script>\n<!-- \/ Yoast SEO plugin. -->","yoast_head_json":{"title":"T\u00e9l\u00e9charger DIK Wizard (Deployment Ium Kit) &#8226; IumKit.net","description":"T\u00e9l\u00e9charger Deployment Ium Kit","robots":{"index":"index","follow":"follow","max-snippet":"max-snippet:-1","max-image-preview":"max-image-preview:large","max-video-preview":"max-video-preview:-1"},"canonical":"https:\/\/www.iumkit.net\/portail\/deployment-ium-kit\/telechargement-ium\/telecharger-deployment-ium-kit\/","og_locale":"fr_FR","og_type":"article","og_title":"T\u00e9l\u00e9charger DIK Wizard (Deployment Ium Kit) &#8226; IumKit.net","og_description":"T\u00e9l\u00e9charger Deployment Ium Kit","og_url":"https:\/\/www.iumkit.net\/portail\/deployment-ium-kit\/telechargement-ium\/telecharger-deployment-ium-kit\/","og_site_name":"IumKit.net","article_modified_time":"2024-08-14T16:39:19+00:00","twitter_card":"summary_large_image","twitter_misc":{"Dur\u00e9e de lecture estim\u00e9e":"1 minute"},"schema":{"@context":"https:\/\/schema.org","@graph":[{"@type":"WebPage","@id":"https:\/\/www.iumkit.net\/portail\/deployment-ium-kit\/telechargement-ium\/telecharger-deployment-ium-kit\/","url":"https:\/\/www.iumkit.net\/portail\/deployment-ium-kit\/telechargement-ium\/telecharger-deployment-ium-kit\/","name":"T\u00e9l\u00e9charger DIK Wizard (Deployment Ium Kit) &#8226; IumKit.net","isPartOf":{"@id":"https:\/\/www.iumkit.net\/portail\/#website"},"datePublished":"2012-05-19T23:07:37+00:00","dateModified":"2024-08-14T16:39:19+00:00","description":"T\u00e9l\u00e9charger Deployment Ium Kit","breadcrumb":{"@id":"https:\/\/www.iumkit.net\/portail\/deployment-ium-kit\/telechargement-ium\/telecharger-deployment-ium-kit\/#breadcrumb"},"inLanguage":"fr-FR","potentialAction":[{"@type":"ReadAction","target":["https:\/\/www.iumkit.net\/portail\/deployment-ium-kit\/telechargement-ium\/telecharger-deployment-ium-kit\/"]}]},{"@type":"BreadcrumbList","@id":"https:\/\/www.iumkit.net\/portail\/deployment-ium-kit\/telechargement-ium\/telecharger-deployment-ium-kit\/#breadcrumb","itemListElement":[{"@type":"ListItem","position":1,"name":"Accueil","item":"https:\/\/www.iumkit.net\/portail\/"},{"@type":"ListItem","position":2,"name":"DIK Wizard (Deployment Ium Kit)","item":"https:\/\/www.iumkit.net\/portail\/deployment-ium-kit\/"},{"@type":"ListItem","position":3,"name":"T\u00e9l\u00e9chargements (DIK Wizard)","item":"https:\/\/www.iumkit.net\/portail\/deployment-ium-kit\/telechargement-ium\/"},{"@type":"ListItem","position":4,"name":"T\u00e9l\u00e9charger DIK Wizard (Deployment Ium Kit)"}]},{"@type":"WebSite","@id":"https:\/\/www.iumkit.net\/portail\/#website","url":"https:\/\/www.iumkit.net\/portail\/","name":"IumKit.net","description":"Simplifiez-vous Windows","publisher":{"@id":"https:\/\/www.iumkit.net\/portail\/#organization"},"potentialAction":[{"@type":"SearchAction","target":{"@type":"EntryPoint","urlTemplate":"https:\/\/www.iumkit.net\/portail\/?s={search_term_string}"},"query-input":{"@type":"PropertyValueSpecification","valueRequired":true,"valueName":"search_term_string"}}],"inLanguage":"fr-FR"},{"@type":"Organization","@id":"https:\/\/www.iumkit.net\/portail\/#organization","name":"iumKit","url":"https:\/\/www.iumkit.net\/portail\/","logo":{"@type":"ImageObject","inLanguage":"fr-FR","@id":"https:\/\/www.iumkit.net\/portail\/#\/schema\/logo\/image\/","url":"https:\/\/www.iumkit.net\/portail\/wp-content\/uploads\/2017\/03\/logo-iumkit-1.png","contentUrl":"https:\/\/www.iumkit.net\/portail\/wp-content\/uploads\/2017\/03\/logo-iumkit-1.png","width":287,"height":83,"caption":"iumKit"},"image":{"@id":"https:\/\/www.iumkit.net\/portail\/#\/schema\/logo\/image\/"},"sameAs":["https:\/\/www.youtube.com\/user\/iumkitwindows"]}]}},"_links":{"self":[{"href":"https:\/\/www.iumkit.net\/portail\/wp-json\/wp\/v2\/pages\/67","targetHints":{"allow":["GET"]}}],"collection":[{"href":"https:\/\/www.iumkit.net\/portail\/wp-json\/wp\/v2\/pages"}],"about":[{"href":"https:\/\/www.iumkit.net\/portail\/wp-json\/wp\/v2\/types\/page"}],"author":[{"embeddable":true,"href":"https:\/\/www.iumkit.net\/portail\/wp-json\/wp\/v2\/users\/1"}],"replies":[{"embeddable":true,"href":"https:\/\/www.iumkit.net\/portail\/wp-json\/wp\/v2\/comments?post=67"}],"version-history":[{"count":4,"href":"https:\/\/www.iumkit.net\/portail\/wp-json\/wp\/v2\/pages\/67\/revisions"}],"predecessor-version":[{"id":2093,"href":"https:\/\/www.iumkit.net\/portail\/wp-json\/wp\/v2\/pages\/67\/revisions\/2093"}],"up":[{"embeddable":true,"href":"https:\/\/www.iumkit.net\/portail\/wp-json\/wp\/v2\/pages\/2"}],"wp:attachment":[{"href":"https:\/\/www.iumkit.net\/portail\/wp-json\/wp\/v2\/media?parent=67"}],"curies":[{"name":"wp","href":"https:\/\/api.w.org\/{rel}","templated":true}]}}